{"id":36,"date":"2019-06-06T10:06:05","date_gmt":"2019-06-06T10:06:05","guid":{"rendered":"http:\/\/thomaslang.net\/?page_id=36"},"modified":"2025-09-18T07:57:07","modified_gmt":"2025-09-18T07:57:07","slug":"leben","status":"publish","type":"page","link":"http:\/\/thomaslang.net\/?page_id=36","title":{"rendered":"Leben"},"content":{"rendered":"<div class=\"wp-block-image\">\n<figure class=\"aligncenter size-full is-resized\"><img loading=\"lazy\" decoding=\"async\" width=\"600\" height=\"901\" src=\"http:\/\/thomaslang.net\/wp-content\/uploads\/2025\/06\/Lang-Thomas-Portraet-c-Reiner-Leist-600-72dpi.jpg\" alt=\"\" class=\"wp-image-206\" style=\"width:520px;height:auto\" srcset=\"http:\/\/thomaslang.net\/wp-content\/uploads\/2025\/06\/Lang-Thomas-Portraet-c-Reiner-Leist-600-72dpi.jpg 600w, http:\/\/thomaslang.net\/wp-content\/uploads\/2025\/06\/Lang-Thomas-Portraet-c-Reiner-Leist-600-72dpi-200x300.jpg 200w\" sizes=\"auto, (max-width: 600px) 100vw, 600px\" \/><\/figure>\n<\/div>\n\n\n<p class=\"has-text-align-center\">(c) Reiner Leist<\/p>\n\n\n\n<p>2025<br>Arbeitsaufenthalt in Ghent (NY), USA, Art Omi<\/p>\n\n\n\n<p>seit 2022<br>Redakteur in Teilzeit beim Literaturportal Bayern<\/p>\n\n\n\n<p>2020<br>Arbeitsaufenthalt in Bamberg, Villa Concordia<\/p>\n\n\n\n<p>2018<br>Arbeitsaufenthalt am Baltic Centre for Writers and Translators, Visby, Schweden<\/p>\n\n\n\n<p>2016<br>Writer in Residence und Lehrer f\u00fcr kreatives Schreiben, Allegheny College &#8211; Meadville, PA<\/p>\n\n\n\n<p>2015<br>Arbeitsaufenthalt in Ghent (NY), USA, Art Omi<\/p>\n\n\n\n<p>K\u00fcnstlerdorf Sch\u00f6ppingen<\/p>\n\n\n\n<p>2013-14<br>freie Mitarbeit beim Brand-Fiction-Space, einem k\u00fcnstlerisch ausgerichteten Zukunfts-Projekt der Audi AG<\/p>\n\n\n\n<p>2013<br>Chretzeturm &#8211; Stein am Rhein<\/p>\n\n\n\n<p>2010<br>Villa Aurora -Los Angeles, USA<\/p>\n\n\n\n<p>2009<br>Casa Baldi &#8211; Olevano Romano, Italien<\/p>\n\n\n\n<p>2007-09<br>Gastdozent der M\u00fcnchener LMU f\u00fcr Kreatives Schreiben (&#8222;Manuskriptum&#8220;)<\/p>\n\n\n\n<p>2004<br>Stadtschreiber &#8211; Schwaz (Tirol)<\/p>\n\n\n\n<p>2004<br>Chretzeturm &#8211; Stein am Rhein<\/p>\n\n\n\n<p>2003<br>Montr\u00e9al, Kanada<\/p>\n\n\n\n<p>seit 1999&nbsp;<br>Online- und Buchredaktion; Artikel f\u00fcr Computer-Zeitschriften<\/p>\n\n\n\n<p>seit 1997<br>als Autor in M\u00fcnchen<\/p>\n\n\n\n<p class=\"has-text-align-right\">(Stand: 18.9.25)<\/p>\n","protected":false},"excerpt":{"rendered":"<p>(c) Reiner Leist 2025Arbeitsaufenthalt in Ghent (NY), USA, Art Omi seit 2022Redakteur in Teilzeit beim Literaturportal Bayern 2020Arbeitsaufenthalt in Bamberg, Villa Concordia 2018Arbeitsaufenthalt am Baltic Centre for Writers and Translators, Visby, Schweden 2016Writer in Residence und Lehrer f\u00fcr kreatives Schreiben, Allegheny College &#8211; Meadville, PA 2015Arbeitsaufenthalt in Ghent (NY), USA, Art Omi K\u00fcnstlerdorf Sch\u00f6ppingen 2013-14freie [&hellip;]<\/p>\n","protected":false},"author":1,"featured_media":0,"parent":0,"menu_order":0,"comment_status":"closed","ping_status":"closed","template":"","meta":{"footnotes":""},"class_list":["post-36","page","type-page","status-publish","hentry","post","no-featured-image"],"_links":{"self":[{"href":"http:\/\/thomaslang.net\/index.php?rest_route=\/wp\/v2\/pages\/36","targetHints":{"allow":["GET"]}}],"collection":[{"href":"http:\/\/thomaslang.net\/index.php?rest_route=\/wp\/v2\/pages"}],"about":[{"href":"http:\/\/thomaslang.net\/index.php?rest_route=\/wp\/v2\/types\/page"}],"author":[{"embeddable":true,"href":"http:\/\/thomaslang.net\/index.php?rest_route=\/wp\/v2\/users\/1"}],"replies":[{"embeddable":true,"href":"http:\/\/thomaslang.net\/index.php?rest_route=%2Fwp%2Fv2%2Fcomments&post=36"}],"version-history":[{"count":12,"href":"http:\/\/thomaslang.net\/index.php?rest_route=\/wp\/v2\/pages\/36\/revisions"}],"predecessor-version":[{"id":222,"href":"http:\/\/thomaslang.net\/index.php?rest_route=\/wp\/v2\/pages\/36\/revisions\/222"}],"wp:attachment":[{"href":"http:\/\/thomaslang.net\/index.php?rest_route=%2Fwp%2Fv2%2Fmedia&parent=36"}],"curies":[{"name":"wp","href":"https:\/\/api.w.org\/{rel}","templated":true}]}}